{"id":435,"date":"2022-10-31T12:39:21","date_gmt":"2022-10-31T11:39:21","guid":{"rendered":"https:\/\/www.hotelbelalp.com\/?page_id=435"},"modified":"2025-02-08T15:13:29","modified_gmt":"2025-02-08T14:13:29","slug":"skigebiet-portes-du-soleil","status":"publish","type":"page","link":"https:\/\/www.hotelbelalp.com\/de\/domaine-skiable-portes-du-soleil\/","title":{"rendered":"Die Portes du Soleil"},"content":{"rendered":"<div data-elementor-type=\"wp-page\" data-elementor-id=\"435\" class=\"elementor elementor-435\" data-elementor-post-type=\"page\">\n\t\t\t\t\t\t<section class=\"elementor-section elementor-top-section elementor-element elementor-element-46d85a4a elementor-section-full_width elementor-section-height-min-height elementor-section-content-middle elementor-section-height-default elementor-section-items-middle\" data-id=\"46d85a4a\" data-element_type=\"section\" data-e-type=\"section\" data-settings=\"{&quot;background_background&quot;:&quot;classic&quot;}\">\n\t\t\t\t\t\t<div class=\"elementor-container elementor-column-gap-default\">\n\t\t\t\t\t<div class=\"elementor-column elementor-col-100 elementor-top-column elementor-element elementor-element-198e398d\" data-id=\"198e398d\" data-element_type=\"column\" data-e-type=\"column\">\n\t\t\t<div class=\"elementor-widget-wrap\">\n\t\t\t\t\t\t\t<\/div>\n\t\t<\/div>\n\t\t\t\t\t<\/div>\n\t\t<\/section>\n\t\t<div class=\"elementor-element elementor-element-36e944c e-flex e-con-boxed e-con e-parent\" data-id=\"36e944c\" data-element_type=\"container\" data-e-type=\"container\">\n\t\t\t\t\t<div class=\"e-con-inner\">\n\t\t\t\t<div class=\"elementor-element elementor-element-c49b5f0 elementor-widget elementor-widget-heading\" data-id=\"c49b5f0\" data-element_type=\"widget\" data-e-type=\"widget\" data-widget_type=\"heading.default\">\n\t\t\t\t<div class=\"elementor-widget-container\">\n\t\t\t\t\t<h2 class=\"elementor-heading-title elementor-size-default\">- DIE TORE DER SONNE -<\/h2>\t\t\t\t<\/div>\n\t\t\t\t<\/div>\n\t\t\t\t\t<\/div>\n\t\t\t\t<\/div>\n\t\t\t\t<section class=\"elementor-section elementor-top-section elementor-element elementor-element-2bf29f2d elementor-section-content-middle elementor-section-boxed elementor-section-height-default elementor-section-height-default\" data-id=\"2bf29f2d\" data-element_type=\"section\" data-e-type=\"section\">\n\t\t\t\t\t\t<div class=\"elementor-container elementor-column-gap-default\">\n\t\t\t\t\t<div class=\"elementor-column elementor-col-100 elementor-top-column elementor-element elementor-element-7c43ba1e\" data-id=\"7c43ba1e\" data-element_type=\"column\" data-e-type=\"column\">\n\t\t\t<div class=\"elementor-widget-wrap elementor-element-populated\">\n\t\t\t\t\t\t<div class=\"elementor-element elementor-element-589e69d0 elementor-widget elementor-widget-heading\" data-id=\"589e69d0\" data-element_type=\"widget\" data-e-type=\"widget\" data-widget_type=\"heading.default\">\n\t\t\t\t<div class=\"elementor-widget-container\">\n\t\t\t\t\t<h2 class=\"elementor-heading-title elementor-size-default\">UNSER HOTEL LEGT IHNEN DIE T\u00dcREN ZUR SONNE ZU F\u00dcSSEN!<\/h2>\t\t\t\t<\/div>\n\t\t\t\t<\/div>\n\t\t\t\t<div class=\"elementor-element elementor-element-6f1577ea elementor-widget elementor-widget-text-editor\" data-id=\"6f1577ea\" data-element_type=\"widget\" data-e-type=\"widget\" data-widget_type=\"text-editor.default\">\n\t\t\t\t<div class=\"elementor-widget-container\">\n\t\t\t\t\t\t\t\t\t<p>WILLKOMMEN IM PARADIES DES SKIFAHRENS, MOUNTAINBIKENS UND WANDERNS...<\/p>\t\t\t\t\t\t\t\t<\/div>\n\t\t\t\t<\/div>\n\t\t\t\t\t<\/div>\n\t\t<\/div>\n\t\t\t\t\t<\/div>\n\t\t<\/section>\n\t\t\t\t<section class=\"elementor-section elementor-top-section elementor-element elementor-element-30088b47 elementor-reverse-tablet elementor-section-boxed elementor-section-height-default elementor-section-height-default\" data-id=\"30088b47\" data-element_type=\"section\" data-e-type=\"section\">\n\t\t\t\t\t\t<div class=\"elementor-container elementor-column-gap-default\">\n\t\t\t\t\t<div class=\"elementor-column elementor-col-50 elementor-top-column elementor-element elementor-element-20b54655\" data-id=\"20b54655\" data-element_type=\"column\" data-e-type=\"column\">\n\t\t\t<div class=\"elementor-widget-wrap elementor-element-populated\">\n\t\t\t\t\t\t<div class=\"elementor-element elementor-element-304753df elementor-widget elementor-widget-spacer\" data-id=\"304753df\" data-element_type=\"widget\" data-e-type=\"widget\" data-widget_type=\"spacer.default\">\n\t\t\t\t<div class=\"elementor-widget-container\">\n\t\t\t\t\t\t\t<div class=\"elementor-spacer\">\n\t\t\t<div class=\"elementor-spacer-inner\"><\/div>\n\t\t<\/div>\n\t\t\t\t\t\t<\/div>\n\t\t\t\t<\/div>\n\t\t\t\t\t<\/div>\n\t\t<\/div>\n\t\t\t\t<div class=\"elementor-column elementor-col-50 elementor-top-column elementor-element elementor-element-765d6768\" data-id=\"765d6768\" data-element_type=\"column\" data-e-type=\"column\">\n\t\t\t<div class=\"elementor-widget-wrap elementor-element-populated\">\n\t\t\t\t\t\t<div class=\"elementor-element elementor-element-3982b255 elementor-widget elementor-widget-text-editor\" data-id=\"3982b255\" data-element_type=\"widget\" data-e-type=\"widget\" data-widget_type=\"text-editor.default\">\n\t\t\t\t<div class=\"elementor-widget-container\">\n\t\t\t\t\t\t\t\t\t<p>Im Sommer wie im Winter bietet das Gebiet der Portes du Soleil einen riesigen Spiel- und Vergn\u00fcgungsplatz. Es erstreckt sich \u00fcber zwei L\u00e4nder, Frankreich und die Schweiz, und ist damit das gr\u00f6\u00dfte grenz\u00fcberschreitende Skigebiet der Welt. Im Winter bietet es \u00fcber 300 Pisten f\u00fcr alle Schwierigkeitsgrade. Mit dem einzigartigen Skipass k\u00f6nnen Sie drei au\u00dfergew\u00f6hnliche T\u00e4ler, 12 Skiorte, die durch 200 Skilifte miteinander verbunden sind, und 600 Kilometer Pistenspa\u00df genie\u00dfen.<\/p><p>\u00a0<\/p><p>Vor dem Hotel gibt es kostenlose Pendelbusse, die Sie zur Abfahrt der Sessellifte von Vonnes bringen, mit denen Sie direkt auf die Pisten von Super Ch\u00e2tel und Linga gelangen. Hier k\u00f6nnen Sie viele Stunden auf den Skiern verbringen oder andere Sportarten wie Snowscoot, Telemark, Freeride, Speed-Riding oder Freestyle in den 11 Snowparks und 4 Boardercross des Skigebiets ausprobieren! Wenn Sie die herrlichen Landschaften dieses Alpengebiets etwas ruhiger genie\u00dfen m\u00f6chten, k\u00f6nnen Sie sich auch dem nordischen Skilauf oder dem Schneeschuhwandern widmen oder eine lange Fahrt mit dem Schlitten unternehmen, der von Hunden gezogen wird.<\/p><p><br \/>Im Sommer ist das Gebiet der Portes du Soleil ein wahres Paradies f\u00fcr Wanderer und Mountainbiker. Zu Fu\u00df k\u00f6nnen Sie majest\u00e4tische und abwechslungsreiche Landschaften entdecken, je nachdem, welche H\u00e4nge Sie begehen. Wenn Sie auf einem Almweg wandern, \u00fcberschreiten Sie vielleicht die Grenze, ohne es zu merken. Wenn Sie schnell auf die Gipfel gelangen m\u00f6chten oder m\u00fcde sind, stehen 23 Skilifte f\u00fcr Fu\u00dfg\u00e4nger zur Verf\u00fcgung (im Multipass inbegriffen). Mountainbiker werden sich wahrscheinlich wie in einem Traumland f\u00fchlen. Das Gebiet ist mit seinen 600 km Pisten, 50 pr\u00e4parierten Abfahrtsstrecken, 21 reservierten Skiliften und 25 Mountainbike-Schulen eines der gr\u00f6\u00dften Mountainbike-Gebiete der Welt. Au\u00dferdem reimt sich in den Portes du Soleil Quantit\u00e4t auf Qualit\u00e4t und Vielfalt: Sie k\u00f6nnen Cross-Country, Enduro oder Downhill durch Tannenw\u00e4lder, auf kurvigen Pfaden oder auf Almwegen in aller Sicherheit fahren.<\/p>\t\t\t\t\t\t\t\t<\/div>\n\t\t\t\t<\/div>\n\t\t\t\t\t<\/div>\n\t\t<\/div>\n\t\t\t\t\t<\/div>\n\t\t<\/section>\n\t\t\t\t<section class=\"elementor-section elementor-top-section elementor-element elementor-element-602119c7 elementor-section-full_width elementor-section-height-default elementor-section-height-default\" data-id=\"602119c7\" data-element_type=\"section\" data-e-type=\"section\">\n\t\t\t\t\t\t<div class=\"elementor-container elementor-column-gap-default\">\n\t\t\t\t\t<div class=\"elementor-column elementor-col-33 elementor-top-column elementor-element elementor-element-2252844f\" data-id=\"2252844f\" data-element_type=\"column\" data-e-type=\"column\" data-settings=\"{&quot;background_background&quot;:&quot;classic&quot;}\">\n\t\t\t<div class=\"elementor-widget-wrap elementor-element-populated\">\n\t\t\t\t\t<div class=\"elementor-background-overlay\"><\/div>\n\t\t\t\t\t\t<div class=\"elementor-element elementor-element-74d307e0 elementor-widget elementor-widget-heading\" data-id=\"74d307e0\" data-element_type=\"widget\" data-e-type=\"widget\" data-widget_type=\"heading.default\">\n\t\t\t\t<div class=\"elementor-widget-container\">\n\t\t\t\t\t<h2 class=\"elementor-heading-title elementor-size-default\">CH\u00c2TEL<\/h2>\t\t\t\t<\/div>\n\t\t\t\t<\/div>\n\t\t\t\t<div class=\"elementor-element elementor-element-3337fda0 elementor-align-center elementor-widget elementor-widget-button\" data-id=\"3337fda0\" data-element_type=\"widget\" data-e-type=\"widget\" data-widget_type=\"button.default\">\n\t\t\t\t<div class=\"elementor-widget-container\">\n\t\t\t\t\t\t\t\t\t<div class=\"elementor-button-wrapper\">\n\t\t\t\t\t<a class=\"elementor-button elementor-button-link elementor-size-xs elementor-animation-grow\" href=\"https:\/\/www.hotelbelalp.com\/de\/tourisme-a-chatel\/\">\n\t\t\t\t\t\t<span class=\"elementor-button-content-wrapper\">\n\t\t\t\t\t\t\t\t\t<span class=\"elementor-button-text\">Mehr erfahren<\/span>\n\t\t\t\t\t<\/span>\n\t\t\t\t\t<\/a>\n\t\t\t\t<\/div>\n\t\t\t\t\t\t\t\t<\/div>\n\t\t\t\t<\/div>\n\t\t\t\t\t<\/div>\n\t\t<\/div>\n\t\t\t\t<div class=\"elementor-column elementor-col-33 elementor-top-column elementor-element elementor-element-65c40052\" data-id=\"65c40052\" data-element_type=\"column\" data-e-type=\"column\" data-settings=\"{&quot;background_background&quot;:&quot;classic&quot;}\">\n\t\t\t<div class=\"elementor-widget-wrap elementor-element-populated\">\n\t\t\t\t\t<div class=\"elementor-background-overlay\"><\/div>\n\t\t\t\t\t\t<div class=\"elementor-element elementor-element-c1cf379 elementor-widget elementor-widget-heading\" data-id=\"c1cf379\" data-element_type=\"widget\" data-e-type=\"widget\" data-widget_type=\"heading.default\">\n\t\t\t\t<div class=\"elementor-widget-container\">\n\t\t\t\t\t<h2 class=\"elementor-heading-title elementor-size-default\">IM WINTER<\/h2>\t\t\t\t<\/div>\n\t\t\t\t<\/div>\n\t\t\t\t<div class=\"elementor-element elementor-element-fa9158f elementor-align-center elementor-widget elementor-widget-button\" data-id=\"fa9158f\" data-element_type=\"widget\" data-e-type=\"widget\" data-widget_type=\"button.default\">\n\t\t\t\t<div class=\"elementor-widget-container\">\n\t\t\t\t\t\t\t\t\t<div class=\"elementor-button-wrapper\">\n\t\t\t\t\t<a class=\"elementor-button elementor-button-link elementor-size-xs elementor-animation-grow\" href=\"https:\/\/www.hotelbelalp.com\/de\/en-hiver\/\">\n\t\t\t\t\t\t<span class=\"elementor-button-content-wrapper\">\n\t\t\t\t\t\t\t\t\t<span class=\"elementor-button-text\">Mehr erfahren<\/span>\n\t\t\t\t\t<\/span>\n\t\t\t\t\t<\/a>\n\t\t\t\t<\/div>\n\t\t\t\t\t\t\t\t<\/div>\n\t\t\t\t<\/div>\n\t\t\t\t\t<\/div>\n\t\t<\/div>\n\t\t\t\t<div class=\"elementor-column elementor-col-33 elementor-top-column elementor-element elementor-element-42317fd3\" data-id=\"42317fd3\" data-element_type=\"column\" data-e-type=\"column\" data-settings=\"{&quot;background_background&quot;:&quot;classic&quot;}\">\n\t\t\t<div class=\"elementor-widget-wrap elementor-element-populated\">\n\t\t\t\t\t<div class=\"elementor-background-overlay\"><\/div>\n\t\t\t\t\t\t<div class=\"elementor-element elementor-element-12d7244 elementor-widget elementor-widget-heading\" data-id=\"12d7244\" data-element_type=\"widget\" data-e-type=\"widget\" data-widget_type=\"heading.default\">\n\t\t\t\t<div class=\"elementor-widget-container\">\n\t\t\t\t\t<h2 class=\"elementor-heading-title elementor-size-default\">IN DER N\u00c4HE DES HOTELS<\/h2>\t\t\t\t<\/div>\n\t\t\t\t<\/div>\n\t\t\t\t<div class=\"elementor-element elementor-element-3144d2f0 elementor-align-center elementor-widget elementor-widget-button\" data-id=\"3144d2f0\" data-element_type=\"widget\" data-e-type=\"widget\" data-widget_type=\"button.default\">\n\t\t\t\t<div class=\"elementor-widget-container\">\n\t\t\t\t\t\t\t\t\t<div class=\"elementor-button-wrapper\">\n\t\t\t\t\t<a class=\"elementor-button elementor-button-link elementor-size-xs elementor-animation-grow\" href=\"https:\/\/www.hotelbelalp.com\/de\/activites-hotel-super-chatel\/\">\n\t\t\t\t\t\t<span class=\"elementor-button-content-wrapper\">\n\t\t\t\t\t\t\t\t\t<span class=\"elementor-button-text\">Mehr erfahren<\/span>\n\t\t\t\t\t<\/span>\n\t\t\t\t\t<\/a>\n\t\t\t\t<\/div>\n\t\t\t\t\t\t\t\t<\/div>\n\t\t\t\t<\/div>\n\t\t\t\t\t<\/div>\n\t\t<\/div>\n\t\t\t\t\t<\/div>\n\t\t<\/section>\n\t\t\t\t<\/div>","protected":false},"excerpt":{"rendered":"<p>&#8211; LES PORTES DU SOLEIL &#8211; NOTRE H\u00d4TEL MET LES PORTES DU SOLEIL \u00c0 VOS PIEDS ! BIENVENUE AU PARADIS DU SKI, DU VTT ET DE LA RANDONN\u00c9E&#8230; \u00c9t\u00e9 comme hiver, le domaine des Portes du Soleil vous r\u00e9serve un immense terrain de jeux et de r\u00e9jouissances. S&rsquo;\u00e9tendant sur deux pays, la France et la [&hellip;]<\/p>\n","protected":false},"author":12,"featured_media":0,"parent":0,"menu_order":0,"comment_status":"closed","ping_status":"closed","template":"","meta":{"inline_featured_image":false,"footnotes":""},"class_list":["post-435","page","type-page","status-publish","hentry"],"_links":{"self":[{"href":"https:\/\/www.hotelbelalp.com\/de\/wp-json\/wp\/v2\/pages\/435","targetHints":{"allow":["GET"]}}],"collection":[{"href":"https:\/\/www.hotelbelalp.com\/de\/wp-json\/wp\/v2\/pages"}],"about":[{"href":"https:\/\/www.hotelbelalp.com\/de\/wp-json\/wp\/v2\/types\/page"}],"author":[{"embeddable":true,"href":"https:\/\/www.hotelbelalp.com\/de\/wp-json\/wp\/v2\/users\/12"}],"replies":[{"embeddable":true,"href":"https:\/\/www.hotelbelalp.com\/de\/wp-json\/wp\/v2\/comments?post=435"}],"version-history":[{"count":50,"href":"https:\/\/www.hotelbelalp.com\/de\/wp-json\/wp\/v2\/pages\/435\/revisions"}],"predecessor-version":[{"id":2027,"href":"https:\/\/www.hotelbelalp.com\/de\/wp-json\/wp\/v2\/pages\/435\/revisions\/2027"}],"wp:attachment":[{"href":"https:\/\/www.hotelbelalp.com\/de\/wp-json\/wp\/v2\/media?parent=435"}],"curies":[{"name":"wp","href":"https:\/\/api.w.org\/{rel}","templated":true}]}}

<div data-elementor-type="wp-page" data-elementor-id="435" class="elementor elementor-435" data-elementor-post-type="page">
						<section class="elementor-section elementor-top-section elementor-element elementor-element-46d85a4a elementor-section-full_width elementor-section-height-min-height elementor-section-content-middle elementor-section-height-default elementor-section-items-middle" data-id="46d85a4a" data-element_type="section" data-e-type="section" data-settings="{&quot;background_background&quot;:&quot;classic&quot;}">
						<div class="elementor-container elementor-column-gap-default">
					<div class="elementor-column elementor-col-100 elementor-top-column elementor-element elementor-element-198e398d" data-id="198e398d" data-element_type="column" data-e-type="column">
			<div class="elementor-widget-wrap">
							</div>
		</div>
					</div>
		</section>
		<div class="elementor-element elementor-element-36e944c e-flex e-con-boxed e-con e-parent" data-id="36e944c" data-element_type="container" data-e-type="container">
					<div class="e-con-inner">
				<div class="elementor-element elementor-element-c49b5f0 elementor-widget elementor-widget-heading" data-id="c49b5f0" data-element_type="widget" data-e-type="widget" data-widget_type="heading.default">
				<div class="elementor-widget-container">
					<h2 class="elementor-heading-title elementor-size-default">- DIE TORE DER SONNE -</h2>				</div>
				</div>
					</div>
				</div>
				<section class="elementor-section elementor-top-section elementor-element elementor-element-2bf29f2d elementor-section-content-middle elementor-section-boxed elementor-section-height-default elementor-section-height-default" data-id="2bf29f2d" data-element_type="section" data-e-type="section">
						<div class="elementor-container elementor-column-gap-default">
					<div class="elementor-column elementor-col-100 elementor-top-column elementor-element elementor-element-7c43ba1e" data-id="7c43ba1e" data-element_type="column" data-e-type="column">
			<div class="elementor-widget-wrap elementor-element-populated">
						<div class="elementor-element elementor-element-589e69d0 elementor-widget elementor-widget-heading" data-id="589e69d0" data-element_type="widget" data-e-type="widget" data-widget_type="heading.default">
				<div class="elementor-widget-container">
					<h2 class="elementor-heading-title elementor-size-default">UNSER HOTEL LEGT IHNEN DIE TÜREN ZUR SONNE ZU FÜSSEN!</h2>				</div>
				</div>
				<div class="elementor-element elementor-element-6f1577ea elementor-widget elementor-widget-text-editor" data-id="6f1577ea" data-element_type="widget" data-e-type="widget" data-widget_type="text-editor.default">
				<div class="elementor-widget-container">
									<p>WILLKOMMEN IM PARADIES DES SKIFAHRENS, MOUNTAINBIKENS UND WANDERNS...</p>								</div>
				</div>
					</div>
		</div>
					</div>
		</section>
				<section class="elementor-section elementor-top-section elementor-element elementor-element-30088b47 elementor-reverse-tablet elementor-section-boxed elementor-section-height-default elementor-section-height-default" data-id="30088b47" data-element_type="section" data-e-type="section">
						<div class="elementor-container elementor-column-gap-default">
					<div class="elementor-column elementor-col-50 elementor-top-column elementor-element elementor-element-20b54655" data-id="20b54655" data-element_type="column" data-e-type="column">
			<div class="elementor-widget-wrap elementor-element-populated">
						<div class="elementor-element elementor-element-304753df elementor-widget elementor-widget-spacer" data-id="304753df" data-element_type="widget" data-e-type="widget" data-widget_type="spacer.default">
				<div class="elementor-widget-container">
							<div class="elementor-spacer">
			<div class="elementor-spacer-inner"></div>
		</div>
						</div>
				</div>
					</div>
		</div>
				<div class="elementor-column elementor-col-50 elementor-top-column elementor-element elementor-element-765d6768" data-id="765d6768" data-element_type="column" data-e-type="column">
			<div class="elementor-widget-wrap elementor-element-populated">
						<div class="elementor-element elementor-element-3982b255 elementor-widget elementor-widget-text-editor" data-id="3982b255" data-element_type="widget" data-e-type="widget" data-widget_type="text-editor.default">
				<div class="elementor-widget-container">
									<p>Im Sommer wie im Winter bietet das Gebiet der Portes du Soleil einen riesigen Spiel- und Vergnügungsplatz. Es erstreckt sich über zwei Länder, Frankreich und die Schweiz, und ist damit das größte grenzüberschreitende Skigebiet der Welt. Im Winter bietet es über 300 Pisten für alle Schwierigkeitsgrade. Mit dem einzigartigen Skipass können Sie drei außergewöhnliche Täler, 12 Skiorte, die durch 200 Skilifte miteinander verbunden sind, und 600 Kilometer Pistenspaß genießen.</p><p> </p><p>Vor dem Hotel gibt es kostenlose Pendelbusse, die Sie zur Abfahrt der Sessellifte von Vonnes bringen, mit denen Sie direkt auf die Pisten von Super Châtel und Linga gelangen. Hier können Sie viele Stunden auf den Skiern verbringen oder andere Sportarten wie Snowscoot, Telemark, Freeride, Speed-Riding oder Freestyle in den 11 Snowparks und 4 Boardercross des Skigebiets ausprobieren! Wenn Sie die herrlichen Landschaften dieses Alpengebiets etwas ruhiger genießen möchten, können Sie sich auch dem nordischen Skilauf oder dem Schneeschuhwandern widmen oder eine lange Fahrt mit dem Schlitten unternehmen, der von Hunden gezogen wird.</p><p><br />Im Sommer ist das Gebiet der Portes du Soleil ein wahres Paradies für Wanderer und Mountainbiker. Zu Fuß können Sie majestätische und abwechslungsreiche Landschaften entdecken, je nachdem, welche Hänge Sie begehen. Wenn Sie auf einem Almweg wandern, überschreiten Sie vielleicht die Grenze, ohne es zu merken. Wenn Sie schnell auf die Gipfel gelangen möchten oder müde sind, stehen 23 Skilifte für Fußgänger zur Verfügung (im Multipass inbegriffen). Mountainbiker werden sich wahrscheinlich wie in einem Traumland fühlen. Das Gebiet ist mit seinen 600 km Pisten, 50 präparierten Abfahrtsstrecken, 21 reservierten Skiliften und 25 Mountainbike-Schulen eines der größten Mountainbike-Gebiete der Welt. Außerdem reimt sich in den Portes du Soleil Quantität auf Qualität und Vielfalt: Sie können Cross-Country, Enduro oder Downhill durch Tannenwälder, auf kurvigen Pfaden oder auf Almwegen in aller Sicherheit fahren.</p>								</div>
				</div>
					</div>
		</div>
					</div>
		</section>
				<section class="elementor-section elementor-top-section elementor-element elementor-element-602119c7 elementor-section-full_width elementor-section-height-default elementor-section-height-default" data-id="602119c7" data-element_type="section" data-e-type="section">
						<div class="elementor-container elementor-column-gap-default">
					<div class="elementor-column elementor-col-33 elementor-top-column elementor-element elementor-element-2252844f" data-id="2252844f" data-element_type="column" data-e-type="column" data-settings="{&quot;background_background&quot;:&quot;classic&quot;}">
			<div class="elementor-widget-wrap elementor-element-populated">
					<div class="elementor-background-overlay"></div>
						<div class="elementor-element elementor-element-74d307e0 elementor-widget elementor-widget-heading" data-id="74d307e0" data-element_type="widget" data-e-type="widget" data-widget_type="heading.default">
				<div class="elementor-widget-container">
					<h2 class="elementor-heading-title elementor-size-default">CHÂTEL</h2>				</div>
				</div>
				<div class="elementor-element elementor-element-3337fda0 elementor-align-center elementor-widget elementor-widget-button" data-id="3337fda0" data-element_type="widget" data-e-type="widget" data-widget_type="button.default">
				<div class="elementor-widget-container">
									<div class="elementor-button-wrapper">
					<a class="elementor-button elementor-button-link elementor-size-xs elementor-animation-grow" href="https://www.hotelbelalp.com/de/tourisme-a-chatel/">
						<span class="elementor-button-content-wrapper">
									<span class="elementor-button-text">Mehr erfahren</span>
					</span>
					</a>
				</div>
								</div>
				</div>
					</div>
		</div>
				<div class="elementor-column elementor-col-33 elementor-top-column elementor-element elementor-element-65c40052" data-id="65c40052" data-element_type="column" data-e-type="column" data-settings="{&quot;background_background&quot;:&quot;classic&quot;}">
			<div class="elementor-widget-wrap elementor-element-populated">
					<div class="elementor-background-overlay"></div>
						<div class="elementor-element elementor-element-c1cf379 elementor-widget elementor-widget-heading" data-id="c1cf379" data-element_type="widget" data-e-type="widget" data-widget_type="heading.default">
				<div class="elementor-widget-container">
					<h2 class="elementor-heading-title elementor-size-default">IM WINTER</h2>				</div>
				</div>
				<div class="elementor-element elementor-element-fa9158f elementor-align-center elementor-widget elementor-widget-button" data-id="fa9158f" data-element_type="widget" data-e-type="widget" data-widget_type="button.default">
				<div class="elementor-widget-container">
									<div class="elementor-button-wrapper">
					<a class="elementor-button elementor-button-link elementor-size-xs elementor-animation-grow" href="https://www.hotelbelalp.com/de/en-hiver/">
						<span class="elementor-button-content-wrapper">
									<span class="elementor-button-text">Mehr erfahren</span>
					</span>
					</a>
				</div>
								</div>
				</div>
					</div>
		</div>
				<div class="elementor-column elementor-col-33 elementor-top-column elementor-element elementor-element-42317fd3" data-id="42317fd3" data-element_type="column" data-e-type="column" data-settings="{&quot;background_background&quot;:&quot;classic&quot;}">
			<div class="elementor-widget-wrap elementor-element-populated">
					<div class="elementor-background-overlay"></div>
						<div class="elementor-element elementor-element-12d7244 elementor-widget elementor-widget-heading" data-id="12d7244" data-element_type="widget" data-e-type="widget" data-widget_type="heading.default">
				<div class="elementor-widget-container">
					<h2 class="elementor-heading-title elementor-size-default">IN DER NÄHE DES HOTELS</h2>				</div>
				</div>
				<div class="elementor-element elementor-element-3144d2f0 elementor-align-center elementor-widget elementor-widget-button" data-id="3144d2f0" data-element_type="widget" data-e-type="widget" data-widget_type="button.default">
				<div class="elementor-widget-container">
									<div class="elementor-button-wrapper">
					<a class="elementor-button elementor-button-link elementor-size-xs elementor-animation-grow" href="https://www.hotelbelalp.com/de/activites-hotel-super-chatel/">
						<span class="elementor-button-content-wrapper">
									<span class="elementor-button-text">Mehr erfahren</span>
					</span>
					</a>
				</div>
								</div>
				</div>
					</div>
		</div>
					</div>
		</section>
				</div>

<p>&#8211; LES PORTES DU SOLEIL &#8211; NOTRE HÔTEL MET LES PORTES DU SOLEIL À VOS PIEDS ! BIENVENUE AU PARADIS DU SKI, DU VTT ET DE LA RANDONNÉE&#8230; Été comme hiver, le domaine des Portes du Soleil vous réserve un immense terrain de jeux et de réjouissances. S&rsquo;étendant sur deux pays, la France et la [&hellip;]</p>
